(-56)/(-105)*-9*n?
2, 3
Let w(x) = -x**3 + 20*x**2 + 95*x - 52. What are the prime factors of w(23)?
2, 3, 7, 13
What are the prime factors of (-1022055)/(-427) - 3/(-7)?
2, 3, 7, 19
Suppose -28 = -4*z + 4*i, -3*z = 2*z - i - 35. Suppose -3 = -5*v + z. Suppose -v = m - 34. What are the prime factors of m?
2
Let k = 5 - -480. Suppose 5*p = 15, -3*p = -2*i + k + 40. List the prime factors of i.
3, 89
Let j(l) = 66*l**3 - 5*l**2 + 4*l - 2. Let b be j(6). Suppose 37*y = 54983 - b. List the prime factors of y.
5, 13, 17
Suppose 6*n + 0*n + 2*n = 0. Suppose 0 = -2*s - 5*i + 211, n*s + 83 = s - 2*i. Let p = s - 26. What are the prime factors of p?
67
Suppose 0 = 134*c - 133*c - 3*i - 2945, -3*c - i = -8815. What are the prime factors of c?
2939
List the prime factors of (-3)/(-13) - (-522816)/78.
6703
Suppose -u - o = -2798, -5*u - 3*o = -19121 + 5143. What are the prime factors of u?
2, 349
Suppose y + 4 = 4*v + 5*y, v + 2*y + 3 = 0. Suppose 0 = 3*d + q - 4*q - 1920, 4*q = -v*d + 3218. What are the prime factors of d?
2, 3, 107
Suppose 0 = -18*b + 13*b + 5*z - 865, b + 2*z = -173. Let n = 101 - b. List the prime factors of n.
2, 137
Let k be 66/(-5)*15/(-6). Let q = k + -29. Suppose 448 = 3*n + q*n. What are the prime factors of n?
2
Let a(y) = 62*y**2 + 16*y + 13. What are the prime factors of a(-6)?
7, 307
Suppose 4*s + 203 = -3*z, 0*s = 5*z - 2*s + 295. Let j = z - -157. List the prime factors of j.
2, 3
List the prime factors of (1948584/110 + -23)*5.
53, 1669
Let w(i) = -22202*i - 98. What are the prime factors of w(-2)?
2, 22153
Suppose -12*l = -76682 - 89470. List the prime factors of l.
2, 7, 23, 43
Let x = 5321 + -3944. List the prime factors of x.
3, 17
Suppose 5*i - 2 = -d + 3*d, 4*d - 26 = -5*i. Suppose -d*z + 377 = -963. Suppose 75 = -5*u + z. List the prime factors of u.
2, 13
Suppose -4*t = 2*t. Suppose z + 2*u = 65, 0 = -t*u - 3*u - 12. Let h = -22 + z. What are the prime factors of h?
3, 17
Let j(k) = 312*k**3 + k**2 + 12*k - 48. What are the prime factors of j(3)?
3, 7, 401
Let j = 13822 - 8059. What are the prime factors of j?
3, 17, 113
Let q be 5*-6*2/(-4). Suppose -1296 = -q*y + 11*y. List the prime factors of y.
2, 3
List the prime factors of ((-376284)/(-15))/((-60)/(-75)).
31357
Let s = -5426 + 9091. What are the prime factors of s?
5, 733
Suppose s + 257 = -r + 1685, -10 = 5*r. Let l = s - 983. List the prime factors of l.
3, 149
Let q be (0 + 387/(-6))*3732/(-9). Suppose 47*t = 4*t + q. List the prime factors of t.
2, 311
Let r = -339 + 341. Suppose 5*a + 223 = f + 2*f, -r*f - 5*a = -157. List the prime factors of f.
2, 19
Let n = 129 + -124. Suppose n*h + 5*b = 1335, 2*h + 4*b = 742 - 210. Suppose -2*d + h = 6*x - 11*x, -128 = -d + x. List the prime factors of d.
2, 31
Suppose -h = 3*r - 1848, 7470 = 4*h - 0*h - r. What are the prime factors of h?
2, 3, 311
Let u = 33012 + -17473. List the prime factors of u.
41, 379
Let c = 451 - 401. Suppose c*k - 49*k = 427. What are the prime factors of k?
7, 61
Suppose 340*b + 4875 = 335*b. Let m = 1498 + b. What are the prime factors of m?
523
Let i be (4018/(-8))/(-7)*4. Let o = -44 - 126. Let c = o + i. What are the prime factors of c?
3, 13
Let p(o) = 253*o**2 - 25*o - 159. List the prime factors of p(-5).
3, 233
Suppose 1220 = n - 1471. What are the prime factors of n?
3, 13, 23
Let s be ((-40)/35)/(6/(-21)). Suppose -76 = -q + 4*h, -s*h + 15 = -5. Suppose 0*x + 2*x - 4*m = q, -x = m - 57. List the prime factors of x.
2, 3
Suppose 4*y = 12 + 4. Suppose -2*q - 15 = q, y*h = 4*q + 104. List the prime factors of h.
3, 7
Suppose 2*v + 24232 = 2*q, 5593 + 54987 = 5*q - 4*v. List the prime factors of q.
2, 13, 233
Let a = 142 + -139. Suppose 6*u + 2*n = 5*u + 1321, a*n = -3*u + 3975. What are the prime factors of u?
3, 443
Let o = -25979 - -37921. What are the prime factors of o?
2, 7, 853
Let d(h) = -5*h + 105. Let m be d(16). Suppose m*y + 8890 - 39040 = 0. List the prime factors of y.
2, 3, 67
Suppose -10*w + 56 = -3*w. Suppose w*q - 4*q - 1476 = -2*k, 2*k - 1476 = 2*q. What are the prime factors of k?
2, 3, 41
Suppose -4*a = -5*u + 230552, 10*a = -5*u + 5*a + 230480. List the prime factors of u.
2, 3, 17, 113
List the prime factors of 11/((-154)/(-12)) - 1127423/(-119).
5, 379
Let x = 515 - -41247. What are the prime factors of x?
2, 7, 19, 157
List the prime factors of 175237/38 + ((-6)/(-4))/1.
7, 659
Suppose 39*g - 51459 = 270196 + 1039016. What are the prime factors of g?
139, 251
Let f(t) = -76*t - 177. Let g be f(-6). Suppose 3*y + 222 = -267. Let m = y + g. What are the prime factors of m?
2, 29
Suppose 148044 = -2*x + 8*x + 18114. What are the prime factors of x?
5, 61, 71
Let g(x) = -62*x**2 - 21*x + 3. Let o(z) = 62*z**2 + 20*z - 3. Let l(c) = -6*g(c) - 5*o(c). What are the prime factors of l(5)?
3, 13, 43
Let b = 19 - 124. What are the prime factors of (-153900)/b - (1 + (-27)/21)?
2, 733
Let r(v) = -2*v**3 + 4*v**2 + 5*v - 24. List the prime factors of r(-10).
2, 1163
Suppose 6*l - 80 = 10. List the prime factors of 142 + l/(-5) + 1.
2, 5, 7
Let b = -325 + 343. Suppose -11*x + b*x = 4697. What are the prime factors of x?
11, 61
Suppose 0 = -57*q + 60*q - 18. Suppose -11*x + p + 327 = -q*x, -x + 2*p + 69 = 0. What are the prime factors of x?
5, 13
Suppose -13101067 = -181*h - 2159979. What are the prime factors of h?
2, 1889
Suppose 1450 + 46 = -44*a. Let k = 65 + 24. Let q = k + a. List the prime factors of q.
5, 11
Let k = 17498 - 10901. What are the prime factors of k?
3, 733
Suppose 3*g + 28 = -4*u, u + 2*g + 2 = -0*u. Let r = -1 - u. Suppose -16 = r*a - 70. List the prime factors of a.
2, 3
Let t(o) = 6*o**3 - 9*o**2 + 4*o + 1. Let i be 4 - (3 - (-7 - -12)). List the prime factors of t(i).
997
Let u(y) = -10*y + 131. Let v be u(11). Suppose -5561 = -v*q + 1327. List the prime factors of q.
2, 41
Let c = 59 + -57. Suppose -9*f + 4*f = -4*t + 133, 62 = c*t + 2*f. List the prime factors of (165/20 - 6)/(3/t).
2, 3
Let n be -1*4 + 306/34. Suppose 0 = n*y - 5*q - 2184 - 5861, -8035 = -5*y + 3*q. What are the prime factors of y?
2, 401
Suppose -5*k + 73289 - 25782 = -3*l, 4*k = -2*l + 38032. What are the prime factors of k?
5, 1901
Suppose 24*m = 140703 + 18993. What are the prime factors of m?
2, 3, 1109
Let y = -276 - -279. List the prime factors of (1 - 29/y)/((-29)/1044).
2, 3, 13
Let j = -4804 - -7250. What are the prime factors of j?
2, 1223
Suppose -925*n + 917*n + 2*h = -183058, 2*h = -2*n + 45752. List the prime factors of n.
3, 29, 263
Let v = 83 + -79. Let l be 104 + (-2)/v*2 - 1. Suppose i = 5*m + l - 19, 5*m = -2*i + 151. List the prime factors of i.
2, 3, 13
Let n be -3 + 1220 - (-2 + 6/6). What are the prime factors of n/145*(-20)/(-6)?
2, 7
Suppose -2*m + 123 = 15. Suppose -3*k + m = 6*k. Suppose -v + 2*g - 233 = -k*v, -3*v + 3*g + 123 = 0. What are the prime factors of v?
3, 5
Let g be 3/9 + 112/24 + -5. Suppose -3*l - 4*c = -29 - 4115, 4*l + c - 5521 = g. List the prime factors of l.
2, 3, 5, 23
Let j(b) = 3*b**2 + 143*b - 48. Let l be j(-48). Suppose l = 15*g - 14*g - 923. What are the prime factors of g?
13, 71
Suppose -49*a + 1507579 = -28790 - 72301. What are the prime factors of a?
2, 5, 7, 67
Suppose x + l = 7913, -11*l + 23742 = 3*x - 7*l. List the prime factors of x.
2, 5, 7, 113
What are the prime factors of (6/(-30))/(43/(-94385))?
439
Suppose 4*u - 2*z - 258260 = 0, -4*u + 3*z + 87616 = -170644. List the prime factors of u.
5, 37, 349
Suppose -28*g + 25*g + 7661 = -k, 2*g + k = 5109. List the prime factors of g.
2, 1277
Suppose 12518 - 4273 = u + 4*b, 3*b - 41310 = -5*u. List the prime factors of u.
3, 5, 19, 29
List the prime factors of (8/(-56))/((-4)/7) - (-160332)/16.
11, 911
What are the prime factors of (3 - 2) + (-769890)/(-30)?
2, 401
Let v(m) = -536*m - 91. Let z(s) = 268*s + 46. Let n(t) = -6*v(t) - 11*z(t). What are the prime factors of n(2)?
2, 3
Let l = -81 - -66. Let m(b) = -10*b - 56. What are the prime factors of m(l)?
2, 47
Suppose 10*n + 206 + 10844 = 0. Let z = n - -1686. What are the prime factors of z?
7, 83
Suppose 0 = -z - 4, -5*m - 5*z + 205 = -0*m. Let p = 48 - m. Suppose -3*d - n = p*n - 141, 4*d - 189 = -5*n. What are the prime factors of d?
3, 17
Suppose 0 = -2*m - 5*r + 25, 2*m + 2*r = -r + 19. Suppose -2*w +